der when 103 is divided by t?
25
Suppose -15*k - 6*k - 3*k = -4896. Calculate the remainder when 821 is divided by k.
5
Suppose -25*a = -85*a + 20250 - 2730. Calculate the remainder when 639 is divided by a.
55
Calculate the remainder when 111*3 - 4/2 is divided by (5*-1 - 1)/((2024/(-69))/44).
7
Suppose -5887 - 6349 = -66*l + 62*l. Calculate the remainder when l is divided by 102.
101
Suppose -5*x + 5 = -z - 35, 3*z = -4*x + 51. Suppose -x*w = -416 - 475. What is the remainder when w is divided by 25?
24
Let i(b) = b**2 + 23*b + 36. What is the remainder when 418 is divided by i(-25)?
74
Suppose -4*y = -7*f + 5*f + 134, 0 = -5*y + 10. What is the remainder when f is divided by 15?
11
Let h = 3455 - 3444. What is the remainder when 406 is divided by h?
10
Suppose 0 = 4*h + 4*o - 17788, -47*h = -47*h - o. Calculate the remainder when h is divided by 81.
73
Let u(c) = -c - 32. Let r be u(4). Let y = -4 - -8. What is the remainder when (2 - r/(-17)) + (-261)/(-51) is divided by y?
1
Let h be 97 + (4/22 - 184/44). Let t = h - -1. Let w(p) = p**3 - 5*p**2 - 3*p + 7. What is the remainder when t is divided by w(6)?
19
Suppose 2*f - 7 - 1 = 0. Suppose 3*o = o - f, o + 11 = -3*i. Calculate the remainder when ((-4)/i)/((-2)/(-3)) is divided by 2.
0
Let w = 230 - 233. What is the remainder when 188 is divided by (-6 - w/(15/20)) + 18?
12
Calculate the remainder when 94/(-423) - 5422*(-3)/54 is divided by 136.
29
Let b be 0 - 8/(-5) - 114/(-285). Suppose -4*h + 414 = 5*q - 32, 358 = 4*q + b*h. Suppose 2*j - q = -4*j. Calculate the remainder when 21 is divided by j.
6
Suppose -32*b + 37*b = -125. Let r = b + 29. Suppose -w = -4*z + 14, 0*z = z + 3*w - 10. What is the remainder when r is divided by z?
0
Let h be ((-9)/(-27))/((-2)/(-36)). Suppose -7*a + 195 = h*a. What is the remainder when 19 is divided by a?
4
Suppose -z + k + 74 = 0, -16*z + 5*k = -19*z + 214. What is the remainder when 237 is divided by z?
18
Suppose -4*k - 5*a = -210, -3*k + 2*a = -52 - 94. Let s = 411 + -143. Let u = s + -251. What is the remainder when k is divided by u?
16
Let b(q) = q**2 + 3*q + 2. Let o be b(-3). Let k = o - -2. Suppose 121*w - 765*w = -2493 - 83. What is the remainder when k is divided by w?
0
Let j(u) = 12*u - 129. Let k(a) = -a + 17. Let n(b) = -j(b) - 9*k(b). Let r be -13 + (1 - 2) - -1. What is the remainder when 26 is divided by n(r)?
11
Let l = 130 - 126. Suppose 4*i - 6*y = -8*y + 62, 4*y - 68 = -l*i. Calculate the remainder when 109 is divided by i.
11
Let g be (-3 + 2 + 0)*0. Suppose g = 5*w + 5*w - 160. What is the remainder when 114/4 - 9/(-6) is divided by w?
14
Let f = 23898 + -23880. Let a(w) = 0*w + 2*w - 3*w + 86 + w**2. Calculate the remainder when a(0) is divided by f.
14
Suppose 4*h - 5*a - 8 = 12, 15 = 3*h - 3*a. Suppose h*k - 246 = -76. Calculate the remainder when k is divided by 3.
1
Suppose x = 7*q - 3*q + 91, 0 = 4*q + 12. Let k(c) = 15*c - 140. Let v be k(10). What is the remainder when x is divided by (-36)/24*(4 - v)?
7
Suppose v + 2*d - 250 = 0, 9*v + 5*d = 40 + 2132. What is the remainder when 2369 is divided by v?
227
Suppose 0 = 4*t + 3*j - 257, 20 + 136 = 2*t - 4*j. Calculate the remainder when 235 is divided by t.
31
Let x(o) = -o**2 + 11*o + 18. Let b be (0 - -3)/(6/66). Let n = -22 + b. What is the remainder when 27 is divided by x(n)?
9
Suppose 0 = -9*v + 3*x + 132, -v - 3*x - 4 = -2. Calculate the remainder when 332 is divided by v.
7
Let a = 1655 + -1213. Calculate the remainder when a is divided by 46.
28
Let r be ((-3498)/(-9))/(3*3/27). Suppose 19*p + r = 41*p. What is the remainder when 158 is divided by p?
52
Let v = -1005 - 8. Let l = -838 - v. What is the remainder when l is divided by 9?
4
Suppose -4*u + 15*u = 5962. Let x = u + -362. Calculate the remainder when x is divided by 38.
28
Suppose -l - 28 = -2*r, -5*r + 2*l + 2*l + 73 = 0. Suppose 0 = -202865*c + 203263*c - 50546. Calculate the remainder when c is divided by r.
10
Let r be ((-24)/30)/(((-3)/(-15))/(-1)). Suppose 211 = r*q + 2*i - 143, q - 71 = 3*i. What is the remainder when q is divided by 22?
20
Let a = -6 - -4. Calculate the remainder when a - 1/((-2)/88) is divided by ((-7403)/15479)/((-1)/23).
9
Let n(f) = 7*f**2 + 17*f + 15. Let l be n(-8). Suppose 4*r = -0*r + 4, -2*m + 3*r = -l. What is the remainder when m is divided by 21?
18
Suppose -15*h + 17*h - 624 = -24*h. Calculate the remainder when 73 is divided by h.
1
Let t be (-3)/(-2) + 0 - 3141/(-18). Let l = t - 135. Let h = 39 + -18. What is the remainder when l is divided by h?
20
Let k(j) = -j**3 + j**2 + 6*j + 1. Let q be k(-4). Let a = q - 34. Suppose 0*b + 3*b = 36. What is the remainder when a is divided by b?
11
What is the remainder when 1544 is divided by 659682/5427 - 14/9?
104
Suppose 3*w = -3*o + 33, 4*o - 10 = 2*o + w. Suppose -5*j + 51 = -4*j - 5*s, 3*j + 2*s = 85. Calculate the remainder when j is divided by o.
3
Suppose -4*p + 2*p + 78 = 0. Let b(q) = q**2 + 26*q + 48. Let r be b(-24). What is the remainder when p is divided by ((-10)/(-6) - r)/((-130)/(-780))?
9
Suppose 0*o - 235 = -3*d - 4*o, -o = -4*d + 345. Let i(m) = m**2 - 23*m + 87. What is the remainder when d is divided by i(21)?
40
Let n = -81 - -220. Let g = 5092 - 5078. Calculate the remainder when n is divided by g.
13
Suppose 0 = -8*m + 4*m - 28, m - 4985 = -4*h. What is the remainder when 1251 is divided by h?
3
Let o be 20/5 - 0*(-1)/(-4). Suppose -3*s + 0*p = 3*p - 153, -o*s - 2*p + 212 = 0. Let z = 3 + s. Calculate the remainder when z is divided by 16.
10
Calculate the remainder when 180/(0 + 15) - -161 is divided by 58.
57
Let s = 117 + 1291. Suppose 64*p = 56*p + s. What is the remainder when p is divided by 60?
56
Let o = -6338 + 7218. What is the remainder when o is divided by 177?
172
Suppose 2*i - 600 = -8*i. Suppose -i + 16 = -4*g. Suppose -6*u = -g - 61. Calculate the remainder when u is divided by 7.
5
Let g = -830 + 904. What is the remainder when 293 is divided by g?
71
Let o be -3*4/12 - -41. Suppose -4*f = -2*t + o, 6*t - 2*t - 100 = -2*f. Let p = -5 + t. What is the remainder when p is divided by 10?
9
Suppose 3*r = 4*f + 1354, 4*r - 1329 = -3*f + 493. What is the remainder when r is divided by 118?
100
Let r(u) be the third derivative of 1/12*u**5 + 1/120*u**6 + 0*u - 4*u**2 + 0 + 0*u**4 + 5/6*u**3. Calculate the remainder when r(-5) is divided by 4.
1
Suppose 5*k = 3*w - 53, -3*k - 25 = 8*w - 3*w. Suppose 23*l = 22*l + 26. Calculate the remainder when k + 10 - (-50 - 0) is divided by l.
24
Suppose -4*q = -20, -3*q + 51 = -0*k + 4*k. Let v(g) = -26*g**2 - 59 - 39*g**2 + 66*g**2 - 5*g. Calculate the remainder when k is divided by v(11).
2
Suppose -w + 25 = d, 4*w + 41 = d + 16. Calculate the remainder when 2223 is divided by d.
23
Let o be 2 + (-55)/(-5) - 0. Suppose 11 = o*v - 366. What is the remainder when v is divided by 20/(-3)*12/(-10)?
5
Let a(b) = -3*b**2 - 17 + 14*b + 3*b**2 - 32*b - 5 - b**2. Suppose 5*o - 3*t = -71, 4*t - 20 = o + o. What is the remainder when 187 is divided by a(o)?
7
Let y = -5246 - -5608. What is the remainder when y is divided by 39?
11
Suppose 5*o - 40 = -3*u, -3*u - 3*o = 8 - 38. What is the remainder when (-13)/(195/75) + 54 is divided by u?
4
Let f = 22794 - 21577. Calculate the remainder when f is divided by 250.
217
Let o(r) = -r - 6. Let t be o(-12). Suppose t*x = 31 + 17. Calculate the remainder when 80/32*(-74)/(-5) is divided by x.
5
Let w be (2 + (-24)/(-10))/(2/(-10)). Let z = w - 65. Let t = 159 + z. Calculate the remainder when t is divided by 20.
12
Let h = 1 - -11. Calculate the remainder when (50 - -105) + (7 - -4) is divided by h.
10
Suppose 15107 = 3*o - 4*u, 2*o + 2*u - 8178 = 1898. What is the remainder when o is divided by 27?
15
Let u be (0 - 28)/(-5 - (-7 + 4)). Suppose -u*c + 33*c = 418. What is the remainder when 121 is divided by c?
11
Let m(u) = u**3 - 15*u**2 + 14*u + 38. Let g be ((-2)/5)/((-27)/945). Calculate the remainder when 145 is divided by m(g).
31
Let u = -165 + 110. Let d = 59 + u. Suppose 67 = 3*c - n, -d*c - 2*n = c - 108. What is the remainder when c is divided by 6?
4
Suppose 89643 = 6*w + 7509. What is the remainder when (w/(-54))/(1/(-2)) is divided by 34?
31
Suppose 53*w - 1805 = -1487. Suppose -u = -3*u + 10. Let 